{"id":1166,"date":"2021-07-21T13:50:08","date_gmt":"2021-07-21T11:50:08","guid":{"rendered":"http:\/\/detektywielblag.pl\/?page_id=1166"},"modified":"2021-07-21T13:56:32","modified_gmt":"2021-07-21T11:56:32","slug":"sprawy-rozwodowe","status":"publish","type":"page","link":"https:\/\/detektywielblag.pl\/index.php\/sprawy-rozwodowe\/","title":{"rendered":"Sprawy rozwodowe"},"content":{"rendered":"\t\t<div data-elementor-type=\"wp-page\" data-elementor-id=\"1166\" class=\"elementor elementor-1166\" data-elementor-post-type=\"page\">\n\t\t\t\t\t\t<section class=\"has_eae_slider elementor-section elementor-top-section elementor-element elementor-element-ecdbf12 elementor-section-boxed elementor-section-height-default elementor-section-height-default wpr-particle-no wpr-jarallax-no wpr-parallax-no wpr-sticky-section-no\" data-eae-slider=\"92966\" data-id=\"ecdbf12\" data-element_type=\"section\">\n\t\t\t\t\t\t<div class=\"elementor-container elementor-column-gap-default\">\n\t\t\t\t\t<div class=\"has_eae_slider elementor-column elementor-col-100 elementor-top-column elementor-element elementor-element-ce26715\" data-eae-slider=\"51779\" data-id=\"ce26715\" data-element_type=\"column\">\n\t\t\t<div class=\"elementor-widget-wrap elementor-element-populated\">\n\t\t\t\t\t\t<div class=\"elementor-element elementor-element-2c88361 elementor-widget elementor-widget-premium-image-scroll\" data-id=\"2c88361\" data-element_type=\"widget\" data-widget_type=\"premium-image-scroll.default\">\n\t\t\t\t<div class=\"elementor-widget-container\">\n\t\t\t\t\t\t\t\t<div class=\"premium-image-scroll-section\" >\n\t\t\t\t<div class=\"premium-image-scroll-container\" data-settings=\"{&quot;trigger&quot;:&quot;hover&quot;,&quot;direction&quot;:&quot;vertical&quot;,&quot;reverse&quot;:&quot;&quot;}\">\n\t\t\t\t\t\t\t\t\t\t<div class=\"premium-image-scroll-vertical\">\n\t\t\t\t\t\t<img fetchpriority=\"high\" decoding=\"async\" width=\"2560\" height=\"1707\" src=\"https:\/\/detektywielblag.pl\/wp-content\/uploads\/2021\/07\/rozwod-slider.jpg\" class=\"attachment-full size-full wp-image-1074\" alt=\"\" srcset=\"https:\/\/detektywielblag.pl\/wp-content\/uploads\/2021\/07\/rozwod-slider.jpg 2560w, https:\/\/detektywielblag.pl\/wp-content\/uploads\/2021\/07\/rozwod-slider-300x200.jpg 300w, https:\/\/detektywielblag.pl\/wp-content\/uploads\/2021\/07\/rozwod-slider-1024x683.jpg 1024w, https:\/\/detektywielblag.pl\/wp-content\/uploads\/2021\/07\/rozwod-slider-768x512.jpg 768w, https:\/\/detektywielblag.pl\/wp-content\/uploads\/2021\/07\/rozwod-slider-1536x1024.jpg 1536w, https:\/\/detektywielblag.pl\/wp-content\/uploads\/2021\/07\/rozwod-slider-2048x1366.jpg 2048w\" sizes=\"(max-width: 2560px) 100vw, 2560px\" \/>\t\t\t\t\t<\/div>\n\t\t\t\t<\/div>\n\t\t\t<\/div>\n\t\t\t\t\t\t<\/div>\n\t\t\t\t<\/div>\n\t\t\t\t\t<\/div>\n\t\t<\/div>\n\t\t\t\t\t<\/div>\n\t\t<\/section>\n\t\t\t\t<section class=\"has_eae_slider elementor-section elementor-top-section elementor-element elementor-element-99e8a04 elementor-section-boxed elementor-section-height-default elementor-section-height-default wpr-particle-no wpr-jarallax-no wpr-parallax-no wpr-sticky-section-no\" data-eae-slider=\"14585\" data-id=\"99e8a04\" data-element_type=\"section\">\n\t\t\t\t\t\t<div class=\"elementor-container elementor-column-gap-default\">\n\t\t\t\t\t<div class=\"has_eae_slider elementor-column elementor-col-100 elementor-top-column elementor-element elementor-element-174cc85\" data-eae-slider=\"82862\" data-id=\"174cc85\" data-element_type=\"column\">\n\t\t\t<div class=\"elementor-widget-wrap elementor-element-populated\">\n\t\t\t\t\t\t<div class=\"elementor-element elementor-element-258a555 elementor-widget elementor-widget-text-editor\" data-id=\"258a555\" data-element_type=\"widget\" data-widget_type=\"text-editor.default\">\n\t\t\t\t<div class=\"elementor-widget-container\">\n\t\t\t\t\t\t\t\t\t<p>Zdarzaj\u0105 si\u0119 w \u017cyciu takie sytuacje, kiedy rozw\u00f3d wydaje si\u0119 jedynym mo\u017cliwym rozwi\u0105zaniem. Decyzja o rozwodzie jest zawsze trudna. Jednak po jej podj\u0119ciu trzeba zastanowi\u0107 si\u0119, kto ponosi odpowiedzialno\u015b\u0107 za rozpad ma\u0142\u017ce\u0144stwa.<\/p><p>Rozw\u00f3d stanowi trudny czas w \u017cyciu,\u00a0 zar\u00f3wno dla kobiety, jak i m\u0119\u017cczyzny. Kiedy dwoje ludzi, kt\u00f3rzy obiecywali sobie wierno\u015b\u0107 i uczciwo\u015b\u0107, bycie na dobre i na z\u0142e, podejmuje decyzj\u0119 o rozstaniu to zmienia si\u0119 ich dotychczasowe \u017cycie.\u00a0 Czas rozwodu wywo\u0142uje skrajne emocje, cz\u0119sto nie my\u015blimy w spos\u00f3b racjonalny. Dlatego w tym trudnym czasie zach\u0119camy do korzystania z us\u0142ug specjalist\u00f3w: adwokata, psychologa oraz prywatnego\u00a0 detektywa.<\/p><p>W dobrym sk\u0142adzie rozw\u00f3d mo\u017ce trwa\u0107 o wiele kr\u00f3cej, dzi\u0119ki czemu\u00a0 szybciej b\u0119dziemy niezale\u017cni i wolni.<\/p><p><img decoding=\"async\" class=\"wp-image-1142 aligncenter\" src=\"https:\/\/detektywielblag.pl\/wp-content\/uploads\/2021\/07\/icon-300x300.jpg\" alt=\"\" width=\"146\" height=\"146\" srcset=\"https:\/\/detektywielblag.pl\/wp-content\/uploads\/2021\/07\/icon-300x300.jpg 300w, https:\/\/detektywielblag.pl\/wp-content\/uploads\/2021\/07\/icon-150x150.jpg 150w, https:\/\/detektywielblag.pl\/wp-content\/uploads\/2021\/07\/icon.jpg 416w\" sizes=\"(max-width: 146px) 100vw, 146px\" \/><\/p><p>W Polsce istniej\u0105 dwie mo\u017cliwo\u015bci sk\u0142adania pozw\u00f3w<\/p><ul><li>z orzekaniem o winie<\/li><li>bez orzekania o winie<\/li><\/ul><p>Nast\u0119pnie mo\u017cemy ubiega\u0107 si\u0119 o uniewa\u017cnienie ma\u0142\u017ce\u0144stwa przed s\u0105dem biskupim. Rozw\u00f3d bez orzekania o winie wyst\u0119puje do\u015b\u0107 rzadko w Polsce i zapada wy\u0142\u0105cznie w sytuacji, gdy ma\u0142\u017conkowie s\u0105 w pe\u0142ni zgodni swoich decyzji, podzia\u0142u maj\u0105tku, wysoko\u015bci aliment\u00f3w oraz opieki nad dzie\u0107mi. W takiej sytuacji prywatny detektyw mo\u017ce si\u0119 nie przyda\u0107.<\/p><p>Do rozwodu z orzeczeniem o winie dochodzi, gdy to jeden z ma\u0142\u017conk\u00f3w jest winien i musi wtedy odpowiedzie\u0107 za swoje\u00a0 winy wzgl\u0119dem partnera. Kiedy sk\u0142adamy pozew z orzeczeniem winie koniecznie jest wskazanie materia\u0142u dowodowego, kt\u00f3ry dokumentuje sytuacje przyczyniaj\u0105ce si\u0119 do rozpadu ma\u0142\u017ce\u0144stwa w postaci wykonanych przez licencjonowanego prywatnego detektywa materia\u0142\u00f3w oraz zebranych dowod\u00f3w, a tak\u017ce wezwa\u0107 \u015bwiadk\u00f3w. Uzyskanie rozwodu z orzekaniem o winie daje nie tylko satysfakcj\u0119, ale r\u00f3wnie\u017c lepszy start w walce o podzia\u0142 maj\u0105tku, alimenty i opiek\u0119 nad dzie\u0107mi.<\/p><p>W jaki spos\u00f3b uzyska\u0107 orzeczenie o rozpadzie ma\u0142\u017ce\u0144stwa z winy wsp\u00f3\u0142ma\u0142\u017conka? Dowody potrzebne do rozwodu, kt\u00f3re b\u0119d\u0105 stanowi\u0107 pe\u0142nowarto\u015bciowy materia\u0142 procesowy zdob\u0119dzie prywatny detektyw.<\/p><p>Profesjonalni detektywi zajm\u0105 si\u0119 przygotowaniem kompletnego materia\u0142u dowodowego potwierdzaj\u0105cego zdrad\u0119 ma\u0142\u017ce\u0144sk\u0105, na\u0142ogi, agresywne zachowanie lub kompletny brak zainteresowania losami rodziny. Materia\u0142 dowodowy stanowi\u0105:<\/p><ul><li>pisemne sprawozdanie z przeprowadzonych czynno\u015bci,<\/li><li>zdj\u0119cia,<\/li><li>materia\u0142y video.<\/li><\/ul><p>Dodatkowo detektyw mo\u017ce zeznawa\u0107 jako \u015bwiadek podczas rozprawy rozwodowej.<\/p>\t\t\t\t\t\t\t\t<\/div>\n\t\t\t\t<\/div>\n\t\t\t\t\t<\/div>\n\t\t<\/div>\n\t\t\t\t\t<\/div>\n\t\t<\/section>\n\t\t\t\t<\/div>\n\t\t","protected":false},"excerpt":{"rendered":"<p>Zdarzaj\u0105 si\u0119 w \u017cyciu takie sytuacje, kiedy rozw\u00f3d wydaje si\u0119 jedynym mo\u017cliwym rozwi\u0105zaniem. Decyzja o rozwodzie jest zawsze trudna. Jednak po jej podj\u0119ciu trzeba zastanowi\u0107 si\u0119, kto ponosi odpowiedzialno\u015b\u0107 za rozpad ma\u0142\u017ce\u0144stwa. Rozw\u00f3d stanowi trudny czas w \u017cyciu,\u00a0 zar\u00f3wno dla kobiety, jak i m\u0119\u017cczyzny. Kiedy dwoje ludzi, kt\u00f3rzy obiecywali sobie wierno\u015b\u0107 i uczciwo\u015b\u0107, bycie na dobre i na z\u0142e, podejmuje decyzj\u0119 o rozstaniu to zmienia si\u0119 ich dotychczasowe \u017cycie.\u00a0 Czas rozwodu wywo\u0142uje skrajne emocje, cz\u0119sto nie my\u015blimy w spos\u00f3b racjonalny. Dlatego w tym trudnym czasie zach\u0119camy do korzystania z us\u0142ug specjalist\u00f3w: adwokata, psychologa oraz prywatnego\u00a0 detektywa. W dobrym sk\u0142adzie rozw\u00f3d mo\u017ce trwa\u0107 o wiele kr\u00f3cej, dzi\u0119ki czemu\u00a0 szybciej b\u0119dziemy niezale\u017cni i wolni. W Polsce istniej\u0105 dwie mo\u017cliwo\u015bci sk\u0142adania pozw\u00f3w z orzekaniem o winie bez orzekania o winie Nast\u0119pnie mo\u017cemy ubiega\u0107 si\u0119 o uniewa\u017cnienie ma\u0142\u017ce\u0144stwa przed s\u0105dem biskupim. Rozw\u00f3d bez orzekania o winie wyst\u0119puje do\u015b\u0107 rzadko w Polsce i zapada wy\u0142\u0105cznie w sytuacji, gdy ma\u0142\u017conkowie s\u0105 w pe\u0142ni zgodni swoich decyzji, podzia\u0142u maj\u0105tku, wysoko\u015bci aliment\u00f3w oraz opieki nad dzie\u0107mi. W takiej sytuacji prywatny detektyw mo\u017ce si\u0119 nie przyda\u0107. Do rozwodu z orzeczeniem o winie dochodzi, gdy to jeden z ma\u0142\u017conk\u00f3w jest winien i musi wtedy odpowiedzie\u0107 za swoje\u00a0 winy wzgl\u0119dem partnera. Kiedy sk\u0142adamy pozew z orzeczeniem winie koniecznie jest wskazanie materia\u0142u dowodowego, kt\u00f3ry dokumentuje sytuacje przyczyniaj\u0105ce si\u0119 do rozpadu ma\u0142\u017ce\u0144stwa w postaci wykonanych przez licencjonowanego prywatnego detektywa materia\u0142\u00f3w oraz zebranych dowod\u00f3w, a tak\u017ce wezwa\u0107 \u015bwiadk\u00f3w. Uzyskanie rozwodu z orzekaniem o winie daje nie tylko satysfakcj\u0119, ale r\u00f3wnie\u017c lepszy start w walce o podzia\u0142 maj\u0105tku, alimenty i opiek\u0119 nad dzie\u0107mi. W jaki spos\u00f3b uzyska\u0107 orzeczenie o rozpadzie ma\u0142\u017ce\u0144stwa z winy wsp\u00f3\u0142ma\u0142\u017conka? Dowody potrzebne do rozwodu, kt\u00f3re b\u0119d\u0105 stanowi\u0107 pe\u0142nowarto\u015bciowy materia\u0142 procesowy zdob\u0119dzie prywatny detektyw. Profesjonalni detektywi zajm\u0105 si\u0119 przygotowaniem kompletnego materia\u0142u dowodowego potwierdzaj\u0105cego zdrad\u0119 ma\u0142\u017ce\u0144sk\u0105, na\u0142ogi, agresywne zachowanie lub kompletny brak zainteresowania losami rodziny. Materia\u0142 dowodowy stanowi\u0105: pisemne sprawozdanie z przeprowadzonych czynno\u015bci, zdj\u0119cia, materia\u0142y video. Dodatkowo detektyw mo\u017ce zeznawa\u0107 jako \u015bwiadek podczas rozprawy rozwodowej.<\/p>\n","protected":false},"author":1,"featured_media":0,"parent":0,"menu_order":0,"comment_status":"closed","ping_status":"closed","template":"","meta":{"ocean_post_layout":"full-screen","ocean_both_sidebars_style":"","ocean_both_sidebars_content_width":0,"ocean_both_sidebars_sidebars_width":0,"ocean_sidebar":"0","ocean_second_sidebar":"0","ocean_disable_margins":"enable","ocean_add_body_class":"","ocean_shortcode_before_top_bar":"","ocean_shortcode_after_top_bar":"","ocean_shortcode_before_header":"","ocean_shortcode_after_header":"","ocean_has_shortcode":"","ocean_shortcode_after_title":"","ocean_shortcode_before_footer_widgets":"","ocean_shortcode_after_footer_widgets":"","ocean_shortcode_before_footer_bottom":"","ocean_shortcode_after_footer_bottom":"","ocean_display_top_bar":"default","ocean_display_header":"default","ocean_header_style":"","ocean_center_header_left_menu":"0","ocean_custom_header_template":"0","ocean_custom_logo":0,"ocean_custom_retina_logo":0,"ocean_custom_logo_max_width":0,"ocean_custom_logo_tablet_max_width":0,"ocean_custom_logo_mobile_max_width":0,"ocean_custom_logo_max_height":0,"ocean_custom_logo_tablet_max_height":0,"ocean_custom_logo_mobile_max_height":0,"ocean_header_custom_menu":"0","ocean_menu_typo_font_family":"0","ocean_menu_typo_font_subset":"","ocean_menu_typo_font_size":0,"ocean_menu_typo_font_size_tablet":0,"ocean_menu_typo_font_size_mobile":0,"ocean_menu_typo_font_size_unit":"px","ocean_menu_typo_font_weight":"","ocean_menu_typo_font_weight_tablet":"","ocean_menu_typo_font_weight_mobile":"","ocean_menu_typo_transform":"","ocean_menu_typo_transform_tablet":"","ocean_menu_typo_transform_mobile":"","ocean_menu_typo_line_height":0,"ocean_menu_typo_line_height_tablet":0,"ocean_menu_typo_line_height_mobile":0,"ocean_menu_typo_line_height_unit":"","ocean_menu_typo_spacing":0,"ocean_menu_typo_spacing_tablet":0,"ocean_menu_typo_spacing_mobile":0,"ocean_menu_typo_spacing_unit":"","ocean_menu_link_color":"","ocean_menu_link_color_hover":"","ocean_menu_link_color_active":"","ocean_menu_link_background":"","ocean_menu_link_hover_background":"","ocean_menu_link_active_background":"","ocean_menu_social_links_bg":"","ocean_menu_social_hover_links_bg":"","ocean_menu_social_links_color":"","ocean_menu_social_hover_links_color":"","ocean_disable_title":"default","ocean_disable_heading":"default","ocean_post_title":"","ocean_post_subheading":"","ocean_post_title_style":"","ocean_post_title_background_color":"","ocean_post_title_background":0,"ocean_post_title_bg_image_position":"","ocean_post_title_bg_image_attachment":"","ocean_post_title_bg_image_repeat":"","ocean_post_title_bg_image_size":"","ocean_post_title_height":0,"ocean_post_title_bg_overlay":0.5,"ocean_post_title_bg_overlay_color":"","ocean_disable_breadcrumbs":"default","ocean_breadcrumbs_color":"","ocean_breadcrumbs_separator_color":"","ocean_breadcrumbs_links_color":"","ocean_breadcrumbs_links_hover_color":"","ocean_display_footer_widgets":"default","ocean_display_footer_bottom":"default","ocean_custom_footer_template":"0","footnotes":""},"class_list":["post-1166","page","type-page","status-publish","hentry","entry"],"_links":{"self":[{"href":"https:\/\/detektywielblag.pl\/index.php\/wp-json\/wp\/v2\/pages\/1166","targetHints":{"allow":["GET"]}}],"collection":[{"href":"https:\/\/detektywielblag.pl\/index.php\/wp-json\/wp\/v2\/pages"}],"about":[{"href":"https:\/\/detektywielblag.pl\/index.php\/wp-json\/wp\/v2\/types\/page"}],"author":[{"embeddable":true,"href":"https:\/\/detektywielblag.pl\/index.php\/wp-json\/wp\/v2\/users\/1"}],"replies":[{"embeddable":true,"href":"https:\/\/detektywielblag.pl\/index.php\/wp-json\/wp\/v2\/comments?post=1166"}],"version-history":[{"count":4,"href":"https:\/\/detektywielblag.pl\/index.php\/wp-json\/wp\/v2\/pages\/1166\/revisions"}],"predecessor-version":[{"id":1170,"href":"https:\/\/detektywielblag.pl\/index.php\/wp-json\/wp\/v2\/pages\/1166\/revisions\/1170"}],"wp:attachment":[{"href":"https:\/\/detektywielblag.pl\/index.php\/wp-json\/wp\/v2\/media?parent=1166"}],"curies":[{"name":"wp","href":"https:\/\/api.w.org\/{rel}","templated":true}]}}