{"id":3005,"date":"2025-01-28T15:06:11","date_gmt":"2025-01-28T14:06:11","guid":{"rendered":"https:\/\/detektywielblag.pl\/?page_id=3005"},"modified":"2025-01-29T22:05:19","modified_gmt":"2025-01-29T21:05:19","slug":"oferta-dla-biznesu","status":"publish","type":"page","link":"https:\/\/detektywielblag.pl\/index.php\/oferta-dla-biznesu\/","title":{"rendered":"Oferta dla biznesu"},"content":{"rendered":"\t\t<div data-elementor-type=\"wp-page\" data-elementor-id=\"3005\" class=\"elementor elementor-3005\" data-elementor-post-type=\"page\">\n\t\t\t\t\t\t<section class=\"has_eae_slider elementor-section elementor-top-section elementor-element elementor-element-d19b4e7 elementor-section-full_width elementor-section-height-default elementor-section-height-default wpr-particle-no wpr-jarallax-no wpr-parallax-no wpr-sticky-section-no\" data-eae-slider=\"39251\" data-id=\"d19b4e7\" data-element_type=\"section\">\n\t\t\t\t\t\t<div class=\"elementor-container elementor-column-gap-default\">\n\t\t\t\t\t<div class=\"has_eae_slider elementor-column elementor-col-100 elementor-top-column elementor-element elementor-element-be4337e\" data-eae-slider=\"78837\" data-id=\"be4337e\" data-element_type=\"column\">\n\t\t\t<div class=\"elementor-widget-wrap elementor-element-populated\">\n\t\t\t\t\t\t<div class=\"elementor-element elementor-element-66e7781 elementor-widget elementor-widget-image\" data-id=\"66e7781\" data-element_type=\"widget\" data-widget_type=\"image.default\">\n\t\t\t\t<div class=\"elementor-widget-container\">\n\t\t\t\t\t\t\t\t\t\t\t\t\t\t\t<img fetchpriority=\"high\" decoding=\"async\" width=\"2000\" height=\"766\" src=\"https:\/\/detektywielblag.pl\/wp-content\/uploads\/2025\/01\/header-klient-indywidualny.jpg\" class=\"attachment-full size-full wp-image-3016\" alt=\"\" srcset=\"https:\/\/detektywielblag.pl\/wp-content\/uploads\/2025\/01\/header-klient-indywidualny.jpg 2000w, https:\/\/detektywielblag.pl\/wp-content\/uploads\/2025\/01\/header-klient-indywidualny-300x115.jpg 300w, https:\/\/detektywielblag.pl\/wp-content\/uploads\/2025\/01\/header-klient-indywidualny-1024x392.jpg 1024w, https:\/\/detektywielblag.pl\/wp-content\/uploads\/2025\/01\/header-klient-indywidualny-768x294.jpg 768w, https:\/\/detektywielblag.pl\/wp-content\/uploads\/2025\/01\/header-klient-indywidualny-1536x588.jpg 1536w\" sizes=\"(max-width: 2000px) 100vw, 2000px\" \/>\t\t\t\t\t\t\t\t\t\t\t\t\t\t\t<\/div>\n\t\t\t\t<\/div>\n\t\t\t\t\t<\/div>\n\t\t<\/div>\n\t\t\t\t\t<\/div>\n\t\t<\/section>\n\t\t\t\t<section class=\"has_eae_slider elementor-section elementor-top-section elementor-element elementor-element-f7e0def elementor-section-full_width elementor-section-height-default elementor-section-height-default wpr-particle-no wpr-jarallax-no wpr-parallax-no wpr-sticky-section-no\" data-eae-slider=\"62883\" data-id=\"f7e0def\" data-element_type=\"section\">\n\t\t\t\t\t\t<div class=\"elementor-container elementor-column-gap-default\">\n\t\t\t\t\t<div class=\"has_eae_slider elementor-column elementor-col-100 elementor-top-column elementor-element elementor-element-813a83b\" data-eae-slider=\"95574\" data-id=\"813a83b\" data-element_type=\"column\">\n\t\t\t<div class=\"elementor-widget-wrap elementor-element-populated\">\n\t\t\t\t\t\t<div class=\"elementor-element elementor-element-c40b456 eae-icon-view-default elementor-widget elementor-widget-wts-textseparator\" data-id=\"c40b456\" data-element_type=\"widget\" data-widget_type=\"wts-textseparator.default\">\n\t\t\t\t<div class=\"elementor-widget-container\">\n\t\t\t\t\t\t\t<div class=\"wts-eae-textseparator sep-align-left icon-yes icon-before title-yes\" >\n\t\t\t<div class=\"eae-sep-holder sep-left\">\n\t\t\t\t<div class=\"eae-sep-lines\"><\/div>\n\t\t\t<\/div>\n\n\t\t\t\t\t\t\t<div class=\"eae-separator-icon-wrapper\">\n\t\t\t\t\t<div class=\"eae-separator-icon-inner\">\n\t\t\t\t\t\t<i aria-hidden=\"true\" class=\"icofont icofont-users-social\"><\/i>\t\t\t\t\t<\/div>\n\t\t\t\t<\/div>\n\t\t\t\n\t\t\t<h1 class=\"eae-separator-title\">OFERTA DLA FIRM<\/h1>\n\t\t\t\n\t\t\t<div class=\"eae-sep-holder sep-right\">\n\t\t\t\t<div class=\"eae-sep-lines\"><\/div>\n\t\t\t<\/div>\n\t\t<\/div>\n\t\t\t\t\t\t<\/div>\n\t\t\t\t<\/div>\n\t\t\t\t\t<\/div>\n\t\t<\/div>\n\t\t\t\t\t<\/div>\n\t\t<\/section>\n\t\t\t\t<section class=\"has_eae_slider elementor-section elementor-top-section elementor-element elementor-element-9be91c6 elementor-section-full_width elementor-section-height-default elementor-section-height-default wpr-particle-no wpr-jarallax-no wpr-parallax-no wpr-sticky-section-no\" data-eae-slider=\"99820\" data-id=\"9be91c6\" data-element_type=\"section\">\n\t\t\t\t\t\t<div class=\"elementor-container elementor-column-gap-default\">\n\t\t\t\t\t<div class=\"has_eae_slider elementor-column elementor-col-33 elementor-top-column elementor-element elementor-element-662e723\" data-eae-slider=\"73417\" data-id=\"662e723\" data-element_type=\"column\">\n\t\t\t<div class=\"elementor-widget-wrap elementor-element-populated\">\n\t\t\t\t\t\t<div class=\"elementor-element elementor-element-475f117 eead-aib-icon-type-image elementor-widget elementor-widget-eead-advanced-icon-box\" data-id=\"475f117\" data-element_type=\"widget\" data-widget_type=\"eead-advanced-icon-box.default\">\n\t\t\t\t<div class=\"elementor-widget-container\">\n\t\t\t\t\t        <div class=\"eead-advanced-icon-box\">\n                        <div class=\"eead-aib-icon\">\n                <span>\n                                            <img decoding=\"async\" src=\"https:\/\/detektywielblag.pl\/wp-content\/uploads\/2025\/01\/kod.jpg\" alt=\"WYWIAD GOSPODARCZY\">\n                                        <\/span>\n            <\/div>\n            \n            <div class=\"eead-aib-content\">\n                        <div class=\"eead-aib-header\">\n                            <h4 class=\"eead-aib-title\">\n                    <span>\n                        WYWIAD GOSPODARCZY                    <\/span>\n                <\/h4>\n                        <\/div>\n                                <div class=\"eead-aib-line-separator\">\n                            <span><\/span>\n                        <\/div>\n                                            <div class=\"eead-aib-desc\">\n                        <p>Dbaj o konkurencyjno\u015b\u0107 swojego biznesu! Oferujemy us\u0142ugi wywiadu gospodarczego, kt\u00f3re pomog\u0105 Ci w analizie rynku i konkurencji:<\/p><ul><li>Pozyskiwanie informacji o konkurencji,<\/li><li>Ustalenie powi\u0105za\u0144 mi\u0119dzy podmiotami gospodarczymi,<\/li><li>Sprawdzanie kondycji finansowej firm i danych rejestracyjnych.<\/li><\/ul>                    <\/div>\n                                <\/div>\n\n                    <\/div>\n        \t\t\t\t<\/div>\n\t\t\t\t<\/div>\n\t\t\t\t\t<\/div>\n\t\t<\/div>\n\t\t\t\t<div class=\"has_eae_slider elementor-column elementor-col-33 elementor-top-column elementor-element elementor-element-10620e6\" data-eae-slider=\"61469\" data-id=\"10620e6\" data-element_type=\"column\">\n\t\t\t<div class=\"elementor-widget-wrap elementor-element-populated\">\n\t\t\t\t\t\t<div class=\"elementor-element elementor-element-6a42aa7 eead-aib-icon-type-image elementor-widget elementor-widget-eead-advanced-icon-box\" data-id=\"6a42aa7\" data-element_type=\"widget\" data-widget_type=\"eead-advanced-icon-box.default\">\n\t\t\t\t<div class=\"elementor-widget-container\">\n\t\t\t\t\t        <div class=\"eead-advanced-icon-box\">\n                        <div class=\"eead-aib-icon\">\n                <span>\n                                            <img decoding=\"async\" src=\"https:\/\/detektywielblag.pl\/wp-content\/uploads\/2025\/01\/E-mail-12.jpg\" alt=\"NIEUCZCIWA KONKURENCJA\">\n                                        <\/span>\n            <\/div>\n            \n            <div class=\"eead-aib-content\">\n                        <div class=\"eead-aib-header\">\n                            <h4 class=\"eead-aib-title\">\n                    <span>\n                        NIEUCZCIWA KONKURENCJA                    <\/span>\n                <\/h4>\n                        <\/div>\n                                <div class=\"eead-aib-line-separator\">\n                            <span><\/span>\n                        <\/div>\n                                            <div class=\"eead-aib-desc\">\n                        <p>Chro\u0144 sw\u00f3j interes przed bezprawnymi dzia\u0142aniami konkurencji:<\/p><ul><li>Pozyskiwanie dowod\u00f3w na naruszenie tajemnic przedsi\u0119biorstwa,<\/li><li>Ujawnianie os\u00f3b odpowiedzialnych za rozpowszechnianie nieprawdziwych informacji o firmie,<\/li><li>Zabezpieczanie dowod\u00f3w na nielegalne kopiowanie produkt\u00f3w.<\/li><\/ul>                    <\/div>\n                                <\/div>\n\n                    <\/div>\n        \t\t\t\t<\/div>\n\t\t\t\t<\/div>\n\t\t\t\t\t<\/div>\n\t\t<\/div>\n\t\t\t\t<div class=\"has_eae_slider elementor-column elementor-col-33 elementor-top-column elementor-element elementor-element-aeb0eba\" data-eae-slider=\"49836\" data-id=\"aeb0eba\" data-element_type=\"column\">\n\t\t\t<div class=\"elementor-widget-wrap elementor-element-populated\">\n\t\t\t\t\t\t<div class=\"elementor-element elementor-element-b4b272e eead-aib-icon-type-image elementor-widget elementor-widget-eead-advanced-icon-box\" data-id=\"b4b272e\" data-element_type=\"widget\" data-widget_type=\"eead-advanced-icon-box.default\">\n\t\t\t\t<div class=\"elementor-widget-container\">\n\t\t\t\t\t        <div class=\"eead-advanced-icon-box\">\n                        <div class=\"eead-aib-icon\">\n                <span>\n                                            <img decoding=\"async\" src=\"https:\/\/detektywielblag.pl\/wp-content\/uploads\/2021\/07\/h-heyerlein-199092-unsplash.jpg\" alt=\"WERYFIKACJA PRACOWNIK\u00d3W I WSP\u00d3LNIK\u00d3W\">\n                                        <\/span>\n            <\/div>\n            \n            <div class=\"eead-aib-content\">\n                        <div class=\"eead-aib-header\">\n                            <h4 class=\"eead-aib-title\">\n                    <span>\n                        WERYFIKACJA PRACOWNIK\u00d3W I WSP\u00d3LNIK\u00d3W                    <\/span>\n                <\/h4>\n                        <\/div>\n                                <div class=\"eead-aib-line-separator\">\n                            <span><\/span>\n                        <\/div>\n                                            <div class=\"eead-aib-desc\">\n                        <p>Zapewniamy kompleksow\u0105 weryfikacj\u0119 pracownik\u00f3w i wsp\u00f3lnik\u00f3w:<\/p><ul><li>Sprawdzanie uczciwo\u015bci pracownik\u00f3w (w tym na zwolnieniach lekarskich),<\/li><li>Ujawnianie kradzie\u017cy pracowniczych i oszustw w firmie,<\/li><li>Weryfikacja lojalno\u015bci wsp\u00f3lnik\u00f3w i ochrona przed dzia\u0142aniami na szkod\u0119 firmy.<\/li><\/ul>                    <\/div>\n                                <\/div>\n\n                    <\/div>\n        \t\t\t\t<\/div>\n\t\t\t\t<\/div>\n\t\t\t\t\t<\/div>\n\t\t<\/div>\n\t\t\t\t\t<\/div>\n\t\t<\/section>\n\t\t\t\t<section class=\"has_eae_slider elementor-section elementor-top-section elementor-element elementor-element-29e8e18 elementor-section-full_width elementor-section-height-default elementor-section-height-default wpr-particle-no wpr-jarallax-no wpr-parallax-no wpr-sticky-section-no\" data-eae-slider=\"47154\" data-id=\"29e8e18\" data-element_type=\"section\">\n\t\t\t\t\t\t<div class=\"elementor-container elementor-column-gap-default\">\n\t\t\t\t\t<div class=\"has_eae_slider elementor-column elementor-col-33 elementor-top-column elementor-element elementor-element-d7021e0\" data-eae-slider=\"6340\" data-id=\"d7021e0\" data-element_type=\"column\">\n\t\t\t<div class=\"elementor-widget-wrap elementor-element-populated\">\n\t\t\t\t\t\t<div class=\"elementor-element elementor-element-67d2033 eead-aib-icon-type-image elementor-widget elementor-widget-eead-advanced-icon-box\" data-id=\"67d2033\" data-element_type=\"widget\" data-widget_type=\"eead-advanced-icon-box.default\">\n\t\t\t\t<div class=\"elementor-widget-container\">\n\t\t\t\t\t        <div class=\"eead-advanced-icon-box\">\n                        <div class=\"eead-aib-icon\">\n                <span>\n                                            <img decoding=\"async\" src=\"https:\/\/detektywielblag.pl\/wp-content\/uploads\/2021\/07\/slidery-1.jpg\" alt=\"OCHRONA MARKI\">\n                                        <\/span>\n            <\/div>\n            \n            <div class=\"eead-aib-content\">\n                        <div class=\"eead-aib-header\">\n                            <h4 class=\"eead-aib-title\">\n                    <span>\n                        OCHRONA MARKI                    <\/span>\n                <\/h4>\n                        <\/div>\n                                <div class=\"eead-aib-line-separator\">\n                            <span><\/span>\n                        <\/div>\n                                            <div class=\"eead-aib-desc\">\n                        <p>Zadbaj o bezpiecze\u0144stwo swojej marki:<\/p><ul><li>Pozyskiwanie dowod\u00f3w na bezprawne wykorzystywanie znak\u00f3w towarowych,<\/li><li>Zabezpieczanie interes\u00f3w przed nielegalnym obrotem podrabianymi produktami.<\/li><\/ul>                    <\/div>\n                                <\/div>\n\n                    <\/div>\n        \t\t\t\t<\/div>\n\t\t\t\t<\/div>\n\t\t\t\t\t<\/div>\n\t\t<\/div>\n\t\t\t\t<div class=\"has_eae_slider elementor-column elementor-col-33 elementor-top-column elementor-element elementor-element-fac3949\" data-eae-slider=\"8610\" data-id=\"fac3949\" data-element_type=\"column\">\n\t\t\t<div class=\"elementor-widget-wrap elementor-element-populated\">\n\t\t\t\t\t\t<div class=\"elementor-element elementor-element-4d5ebda eead-aib-icon-type-image elementor-widget elementor-widget-eead-advanced-icon-box\" data-id=\"4d5ebda\" data-element_type=\"widget\" data-widget_type=\"eead-advanced-icon-box.default\">\n\t\t\t\t<div class=\"elementor-widget-container\">\n\t\t\t\t\t        <div class=\"eead-advanced-icon-box\">\n                        <div class=\"eead-aib-icon\">\n                <span>\n                                            <img decoding=\"async\" src=\"https:\/\/detektywielblag.pl\/wp-content\/uploads\/2025\/01\/miejsce-zbrodni-3.jpg\" alt=\"FIRMY UBEZPIECZENIOWE\">\n                                        <\/span>\n            <\/div>\n            \n            <div class=\"eead-aib-content\">\n                        <div class=\"eead-aib-header\">\n                            <h4 class=\"eead-aib-title\">\n                    <span>\n                        FIRMY UBEZPIECZENIOWE                    <\/span>\n                <\/h4>\n                        <\/div>\n                                <div class=\"eead-aib-line-separator\">\n                            <span><\/span>\n                        <\/div>\n                                            <div class=\"eead-aib-desc\">\n                        <p>Zajmujemy si\u0119 weryfikacj\u0105 roszcze\u0144 ubezpieczeniowych:<\/p><ul><li>Ustalanie stanu faktycznego zg\u0142oszonych szk\u00f3d,<\/li><li>Weryfikacja zasadno\u015bci wyp\u0142aty odszkodowa\u0144,<\/li><li>Ustalanie \u015bwiadk\u00f3w zdarze\u0144 i rzeczywistego przebiegu wydarze\u0144.<\/li><\/ul>                    <\/div>\n                                <\/div>\n\n                    <\/div>\n        \t\t\t\t<\/div>\n\t\t\t\t<\/div>\n\t\t\t\t\t<\/div>\n\t\t<\/div>\n\t\t\t\t<div class=\"has_eae_slider elementor-column elementor-col-33 elementor-top-column elementor-element elementor-element-8691ea6\" data-eae-slider=\"91493\" data-id=\"8691ea6\" data-element_type=\"column\">\n\t\t\t<div class=\"elementor-widget-wrap\">\n\t\t\t\t\t\t\t<\/div>\n\t\t<\/div>\n\t\t\t\t\t<\/div>\n\t\t<\/section>\n\t\t\t\t<\/div>\n\t\t","protected":false},"excerpt":{"rendered":"<p>OFERTA DLA FIRM WYWIAD GOSPODARCZY Dbaj o konkurencyjno\u015b\u0107 swojego biznesu! Oferujemy us\u0142ugi wywiadu gospodarczego, kt\u00f3re pomog\u0105 Ci w analizie rynku i konkurencji: Pozyskiwanie informacji o konkurencji, Ustalenie powi\u0105za\u0144 mi\u0119dzy podmiotami gospodarczymi, Sprawdzanie kondycji finansowej firm i danych rejestracyjnych. NIEUCZCIWA KONKURENCJA Chro\u0144 sw\u00f3j interes przed bezprawnymi dzia\u0142aniami konkurencji: Pozyskiwanie dowod\u00f3w na naruszenie tajemnic przedsi\u0119biorstwa, Ujawnianie os\u00f3b odpowiedzialnych za rozpowszechnianie nieprawdziwych informacji o firmie, Zabezpieczanie dowod\u00f3w na nielegalne kopiowanie produkt\u00f3w. WERYFIKACJA PRACOWNIK\u00d3W I WSP\u00d3LNIK\u00d3W Zapewniamy kompleksow\u0105 weryfikacj\u0119 pracownik\u00f3w i wsp\u00f3lnik\u00f3w: Sprawdzanie uczciwo\u015bci pracownik\u00f3w (w tym na zwolnieniach lekarskich), Ujawnianie kradzie\u017cy pracowniczych i oszustw w firmie, Weryfikacja lojalno\u015bci wsp\u00f3lnik\u00f3w i ochrona przed dzia\u0142aniami na szkod\u0119 firmy. OCHRONA MARKI Zadbaj o bezpiecze\u0144stwo swojej marki: Pozyskiwanie dowod\u00f3w na bezprawne wykorzystywanie znak\u00f3w towarowych, Zabezpieczanie interes\u00f3w przed nielegalnym obrotem podrabianymi produktami. FIRMY UBEZPIECZENIOWE Zajmujemy si\u0119 weryfikacj\u0105 roszcze\u0144 ubezpieczeniowych: Ustalanie stanu faktycznego zg\u0142oszonych szk\u00f3d, Weryfikacja zasadno\u015bci wyp\u0142aty odszkodowa\u0144, Ustalanie \u015bwiadk\u00f3w zdarze\u0144 i rzeczywistego przebiegu wydarze\u0144.<\/p>\n","protected":false},"author":1,"featured_media":0,"parent":0,"menu_order":0,"comment_status":"closed","ping_status":"closed","template":"elementor_header_footer","meta":{"ocean_post_layout":"","ocean_both_sidebars_style":"","ocean_both_sidebars_content_width":0,"ocean_both_sidebars_sidebars_width":0,"ocean_sidebar":"","ocean_second_sidebar":"","ocean_disable_margins":"enable","ocean_add_body_class":"","ocean_shortcode_before_top_bar":"","ocean_shortcode_after_top_bar":"","ocean_shortcode_before_header":"","ocean_shortcode_after_header":"","ocean_has_shortcode":"","ocean_shortcode_after_title":"","ocean_shortcode_before_footer_widgets":"","ocean_shortcode_after_footer_widgets":"","ocean_shortcode_before_footer_bottom":"","ocean_shortcode_after_footer_bottom":"","ocean_display_top_bar":"default","ocean_display_header":"default","ocean_header_style":"","ocean_center_header_left_menu":"","ocean_custom_header_template":"","ocean_custom_logo":0,"ocean_custom_retina_logo":0,"ocean_custom_logo_max_width":0,"ocean_custom_logo_tablet_max_width":0,"ocean_custom_logo_mobile_max_width":0,"ocean_custom_logo_max_height":0,"ocean_custom_logo_tablet_max_height":0,"ocean_custom_logo_mobile_max_height":0,"ocean_header_custom_menu":"","ocean_menu_typo_font_family":"","ocean_menu_typo_font_subset":"","ocean_menu_typo_font_size":0,"ocean_menu_typo_font_size_tablet":0,"ocean_menu_typo_font_size_mobile":0,"ocean_menu_typo_font_size_unit":"px","ocean_menu_typo_font_weight":"","ocean_menu_typo_font_weight_tablet":"","ocean_menu_typo_font_weight_mobile":"","ocean_menu_typo_transform":"","ocean_menu_typo_transform_tablet":"","ocean_menu_typo_transform_mobile":"","ocean_menu_typo_line_height":0,"ocean_menu_typo_line_height_tablet":0,"ocean_menu_typo_line_height_mobile":0,"ocean_menu_typo_line_height_unit":"","ocean_menu_typo_spacing":0,"ocean_menu_typo_spacing_tablet":0,"ocean_menu_typo_spacing_mobile":0,"ocean_menu_typo_spacing_unit":"","ocean_menu_link_color":"","ocean_menu_link_color_hover":"","ocean_menu_link_color_active":"","ocean_menu_link_background":"","ocean_menu_link_hover_background":"","ocean_menu_link_active_background":"","ocean_menu_social_links_bg":"","ocean_menu_social_hover_links_bg":"","ocean_menu_social_links_color":"","ocean_menu_social_hover_links_color":"","ocean_disable_title":"default","ocean_disable_heading":"default","ocean_post_title":"","ocean_post_subheading":"","ocean_post_title_style":"","ocean_post_title_background_color":"","ocean_post_title_background":0,"ocean_post_title_bg_image_position":"","ocean_post_title_bg_image_attachment":"","ocean_post_title_bg_image_repeat":"","ocean_post_title_bg_image_size":"","ocean_post_title_height":0,"ocean_post_title_bg_overlay":0.5,"ocean_post_title_bg_overlay_color":"","ocean_disable_breadcrumbs":"default","ocean_breadcrumbs_color":"","ocean_breadcrumbs_separator_color":"","ocean_breadcrumbs_links_color":"","ocean_breadcrumbs_links_hover_color":"","ocean_display_footer_widgets":"default","ocean_display_footer_bottom":"default","ocean_custom_footer_template":"","footnotes":""},"class_list":["post-3005","page","type-page","status-publish","hentry","entry"],"_links":{"self":[{"href":"https:\/\/detektywielblag.pl\/index.php\/wp-json\/wp\/v2\/pages\/3005","targetHints":{"allow":["GET"]}}],"collection":[{"href":"https:\/\/detektywielblag.pl\/index.php\/wp-json\/wp\/v2\/pages"}],"about":[{"href":"https:\/\/detektywielblag.pl\/index.php\/wp-json\/wp\/v2\/types\/page"}],"author":[{"embeddable":true,"href":"https:\/\/detektywielblag.pl\/index.php\/wp-json\/wp\/v2\/users\/1"}],"replies":[{"embeddable":true,"href":"https:\/\/detektywielblag.pl\/index.php\/wp-json\/wp\/v2\/comments?post=3005"}],"version-history":[{"count":10,"href":"https:\/\/detektywielblag.pl\/index.php\/wp-json\/wp\/v2\/pages\/3005\/revisions"}],"predecessor-version":[{"id":3135,"href":"https:\/\/detektywielblag.pl\/index.php\/wp-json\/wp\/v2\/pages\/3005\/revisions\/3135"}],"wp:attachment":[{"href":"https:\/\/detektywielblag.pl\/index.php\/wp-json\/wp\/v2\/media?parent=3005"}],"curies":[{"name":"wp","href":"https:\/\/api.w.org\/{rel}","templated":true}]}}